visor of y and d.
2
Let g(p) = 9*p + 13. Let j be g(8). Let x be ((-34)/(-5))/((-1)/(-5)). What is the greatest common divisor of x and j?
17
Suppose 10 = 4*d + 6*t - t, -4*t - 13 = -d. What is the highest common divisor of d and 1?
1
Let d = -12 - -19. Suppose -4*x + d = -5*l, 7*l + 5 = 3*l + 3*x. What is the greatest common divisor of 8 and l?
1
Suppose 2 = -4*p + 14. Let q = 203 + -191. Calculate the highest common divisor of q and p.
3
Suppose -3*c + 2*a + 4 = -24, -c + 20 = 2*a. Suppose 8 = -5*z + 38. Suppose -4*k + 18 + z = 0. What is the highest common divisor of k and c?
6
Let p = -12 + 57. Calculate the greatest common factor of p and 9.
9
Let a be (-1)/(6/(-4) - -1). Suppose -a*r = -r - 12. What is the highest common factor of r and 3?
3
Let a(x) = -x**2 - 15*x + 6. Let j be a(-9). Let h = 0 + j. Calculate the greatest common factor of 24 and h.
12
Let f(g) = -g**2 - 6*g - 2. Let o be f(-4). Let r = 6 + -3. Suppose 0 = -b - r*b + 60. What is the highest common factor of o and b?
3
Let g be (-4)/(-14) + 48/28. Let z be (-18)/(-10) + g/10. Let o be z + 2*(-2 + 5). Calculate the highest common divisor of 16 and o.
8
Let l(i) = i**2 + 18*i + 23. Let o be l(-20). Calculate the highest common factor of 7 and o.
7
Suppose -2*q + 18 = -i + 52, -2*q - 106 = -3*i. What is the highest common factor of 90 and i?
18
Let j be 1/2*-1*0. Let g be (-1 - j - 2)*-3. What is the greatest common factor of 45 and g?
9
Suppose 3*y - 128 = -y. Calculate the greatest common divisor of y and 4.
4
Let y be 13 - (2 - 2) - -3. What is the greatest common factor of 2 and y?
2
Suppose c + 0*c - 2 = 0. Suppose -4 = -c*q - 0. Suppose -5*g + q*z + 78 = 3*z, 4*g - 5*z = 74. What is the highest common divisor of 16 and g?
16
Suppose 7*c = 3*c + 28. Suppose -r = 4*r + 3*o - 27, -2*r + o + 13 = 0. Let g be (-20)/(-3) - (-2)/r. What is the greatest common divisor of g and c?
7
Let v(y) = 3*y**2 - 2*y - 1. Let z be v(-2). Let d = -283 + 313. Calculate the highest common factor of d and z.
15
Suppose 2*j - 4 = 4. Suppose -j*r = -r - 27. Let x = -55 + 154. What is the highest common divisor of r and x?
9
Suppose 6 = -2*r + 2. Let i be 2/r + 7 + 4. Let c(w) = -w**3 + 5*w**2 + 4*w - 5. Let n be c(5). Calculate the greatest common divisor of i and n.
5
Let t(x) = x**3 - 5*x**2 - 4*x - 5. Let g be t(6). Let k = 135 + -79. Calculate the highest common divisor of g and k.
7
Let j(t) = 9*t**2 - 2*t - 1. Let y be j(-1). Suppose 2*f = -y + 178. Let h = 17 - 5. What is the greatest common divisor of f and h?
12
Suppose x - 2*x = -5. Suppose -x*j + 6*j - 4 = 0. Suppose -t - j = -3, -f + 5*t = -10. Calculate the greatest common divisor of f and 25.
5
Let l(t) be the second derivative of -t**5/10 - 3*t**4/4 - 5*t**3/6 + t**2 - t. Let h be l(-6). What is the greatest common divisor of 14 and h?
14
Let m be 245/5 - (7 - 1)/(-3). What is the greatest common divisor of m and 85?
17
Let f be ((-38)/3)/((-3)/9). Let k = 63 - f. Suppose 2*u = 235 - k. What is the highest common factor of 15 and u?
15
Suppose -4*n - 20 = -k, 2*k - 2*n - 40 = -n. Let m(w) = 2*w**2 + 5*w - 5. Let g be m(1). What is the highest common factor of g and k?
2
Let i be (6/4)/((-6)/(-8)). Suppose 0*q - 4*q = 3*t - 22, -5*q + 24 = i*t. What is the highest common factor of t and 8?
2
Suppose -2*h + 68 = -2*i, -5*i - 110 = -h - 2*h. What is the greatest common divisor of 30 and h?
30
Suppose -3*m + 4*m - 3*a + 5 = 0, 0 = 4*m - 4*a - 20. Suppose -w + 12 = w. Let t be (-8)/w*(-6)/4. Calculate the greatest common divisor of m and t.
2
Suppose 47 = -2*b + 83. Suppose -i + 49 = 8. Suppose i = 5*w - 94. What is the greatest common factor of w and b?
9
Suppose 0 = 2*t - 0*t - 3*z - 9, 11 = t + 5*z. Calculate the highest common factor of t and 4.
2
Let c be -1 + (1 + 1 - -6). Let p be (-2)/8 - (-29)/4. What is the highest common factor of c and p?
7
Suppose -3*g - 197 = -5*f, -2 = f + 3. Let w = 1 - g. What is the greatest common divisor of 15 and w?
15
Let d = -26 + 396. What is the greatest common factor of 37 and d?
37
Let m be (25 - 1) + (-1 - 1). Let a = m - 7. What is the highest common factor of 60 and a?
15
Let z = 505 + 12. Calculate the highest common factor of 47 and z.
47
Suppose -12 = -5*p + 3. Let d be (-1)/p - (-813)/9. Suppose 0 = -w - 3*m + 25, -5*w + 44 - 4 = -2*m. What is the highest common divisor of w and d?
10
Let i(m) = -m**3 - 10*m**2 - 2*m - 10. Let q be i(-10). Calculate the highest common divisor of 25 and q.
5
Let g = 71 - 57. What is the highest common factor of g and 266?
14
Suppose p + 3*p = 224. Suppose -14 = 3*k - 5*n, -4*k + 5*n - 8 = n. Let i be (k + 2)/(3/6). What is the greatest common factor of p and i?
8
Let c be (-24)/(-13) - (-4)/26. Suppose 4*r - 30 = -5*g, -c*g = 5*r - 2 + 7. Calculate the highest common divisor of 25 and g.
5
Suppose -x - 4*u = -2*u - 128, 2*x = -3*u + 252. Let n = -3 + 5. Suppose -2*z + x = n*z. What is the highest common factor of z and 10?
10
Suppose 5*s + 13 = x, 0 = 2*x - x - 2*s - 7. Suppose x*o + 3*z - 108 = -0*z, -o + 24 = -2*z. Calculate the highest common divisor of 8 and o.
8
Let s(d) = 2*d + 8. Let k be s(-4). Let n = k + 4. What is the greatest common divisor of n and 4?
4
Suppose -4*z = 4*z - 120. Calculate the highest common divisor of 45 and z.
15
Suppose 4*w = -2*b - 104 + 38, -5*w - 60 = -2*b. Let q = -8 + w. Let r be (-2)/(-11) + (-172)/q. What is the greatest common divisor of r and 40?
8
Suppose 2*u = -5 + 31. What is the highest common divisor of 39 and u?
13
Suppose 12*b - 40 = 7*b. What is the highest common factor of b and 32?
8
Suppose g + 4*a = -2*g + 21, 0 = 4*g + a - 15. Let p = -9 - -36. What is the greatest common divisor of g and p?
3
Let c be 1/1*-2 - -6. Let y(r) = -6 + 5*r + 0 + 3*r - 4*r. Let x be y(4). Calculate the greatest common divisor of x and c.
2
Let l be (0/(-1))/(2/2). Let u be l + 1 - (-11 + -2). What is the highest common divisor of u and 56?
14
Suppose i + 4*i = 10. Suppose -i*y + 7 = -1, -24 = -w + 3*y. Calculate the highest common factor of w and 4.
4
Let b(p) = p**2 - 6*p - 16. Let z be b(15). What is the highest common factor of 17 and z?
17
Suppose u - 3 = 0, -5*u + 16 = -3*c - 17. Let w = c - -62. Suppose 18 = g + 10. Calculate the highest common factor of w and g.
8
Let r = 13 - 2. What is the greatest common factor of r and 33?
11
Let v be (-5 - -2)/(2/8). Let d be (v*1)/(-3 + 1). Calculate the highest common factor of 42 and d.
6
Suppose -d + 5*s = -16, 4*d + 3*s + s - 160 = 0. Calculate the greatest common factor of 9 and d.
9
Let o = 824 + -266. What is the highest common factor of o and 62?
62
Let x = 330 + -323. Let s be (14/(-1))/(2/(-4)). Calculate the highest common divisor of s and x.
7
Let p(w) = 4*w**3 - 6*w**2 + 8*w - 2. Let r be p(3). What is the highest common divisor of r and 19?
19
Let b be (-3)/2*8/(-6). Let p be 0 + 2 - (-2)/(-2). Suppose 3*f - n = p, 4*n = -5*f + b*f + 11. What is the greatest common divisor of 8 and f?
1
Suppose -2*p - p = 0. Suppose l + 2*l = p. Suppose 4*j - 3*u + 0 - 3 = l, -2*u + 18 = 4*j. Calculate the greatest common divisor of j and 1.
1
Suppose -2*n - 3*b = -210, 0*b = -5*n - 4*b + 511. What is the greatest common factor of n and 11?
11
Let h(a) = a + 90. Let z be h(0). Suppose -4*i + 26 - 8 = w, -w = -2. Suppose i*u = -u + z. Calculate the greatest common factor of 6 and u.
6
Let u(q) = q + 17. Suppose -4*k = -16, n - 5*n - 3*k = 16. Let y be u(n). Suppose -13 = -y*v + 9*v. Calculate the highest common factor of v and 104.
13
Suppose 0 = -7*g + 10*g - 78. What is the highest common divisor of g and 39?
13
Suppose 0 = -4*a + 9 + 7. Calculate the highest common divisor of 8 and a.
4
Let w be ((-18)/12*88)/(-1). Calculate the highest common divisor of 12 and w.
12
Let x be 2/(-7) - 2/(-7). Suppose 46 = 4*m + d, -m - 2*d = -x - 15. Suppose -q + 5*q - 352 = 0. What is the greatest common factor of m and q?
11
Suppose -4*t + 27 + 81 = 0. Let v = t + -19. What is the greatest common factor of v and 40?
8
Let q = 96 - 64. Calculate the highest common divisor of 224 and q.
32
Let q be 37/5 + (-22)/55. Calculate the highest common divisor of q and 14.
7
Suppose 0 = f + f + 16. Let m(l) = -l**2 - 8*l + 3. Let w be m(f). Suppose -15 = w*v - 8*v. Calculate the highest common fac